ppose 2*t = 3*g - 53574, 0 = 195*g - 199*g + 2*t + 71426. List the prime factors of g.
2, 4463
Suppose a = -2*q + 31, 3*q + 77 = 7*q - a. Let u be (-28)/(-21)*3/(-2) - -9. What are the prime factors of 1587/q + u/(-42)?
2, 11
Suppose 0 = -4*x - 4*t + 9832, x + 2*t = -385 + 2847. What are the prime factors of x?
2, 3, 409
Suppose -2*h = 112 - 812. Let a = h + -145. What are the prime factors of a?
5, 41
Let m = 1300 + -3589. List the prime factors of (-3)/5 + (4 - m/15).
2, 3, 13
Suppose -4*x + 16 = 0, 0 = -2*v - 3*v - 2*x + 48. Suppose -3*y + v*t + 993 = 9*t, -2*t - 6 = 0. List the prime factors of y.
2, 83
Suppose -2*i + 409 = 5*m, -i + 0*m + 197 = m. Suppose 0 = -3*t + 4*x + 158, -4*t - 2*x - 2*x = -i. What are the prime factors of (-216)/(-10)*t/10?
2, 3
Suppose 0 = 2*q - 7*q + 15, x + 5*q = 19. Let w(r) = 26*r - 31. List the prime factors of w(x).
73
Let k(p) = 12*p - 4. Let g be k(-5). Let l(q) = -q**2 - 5*q + 12. Let f be l(-10). Let i = f - g. What are the prime factors of i?
2, 13
Suppose -4*y + 4*b + 113916 = 0, 86*y - 4*b + 56910 = 88*y. What are the prime factors of y?
71, 401
List the prime factors of 54584/10 - (7 - (-66)/(-10)).
2, 2729
Let h(d) be the second derivative of 125*d**3/3 - 12*d**2 - 62*d - 1. What are the prime factors of h(4)?
2, 61
Let t be 253/77 + (16/(-7) - -2). Suppose 3*d - 111 = t*b, 178 = -4*b - 3*d + d. Let f = -9 - b. What are the prime factors of f?
3, 11
List the prime factors of -3*((3 - 5) + 3) + 18681.
2, 3, 11, 283
Suppose -487*o + 393*o = -599532. List the prime factors of o.
2, 3, 1063
Suppose 0 = -3*i - 2*q - 2*q - 5, 50 = 5*i - 5*q. Let n(w) = 65*w - 15. Let a be n(i). Suppose -3*g - a = -8*g. List the prime factors of g.
2, 31
Let n = 1293 - -39640. What are the prime factors of n?
40933
Let f be (-5677)/14*-4 - -5. Suppose 12*c - f - 7937 = 0. What are the prime factors of c?
797
Suppose 24*d = 28*d - 20. Suppose 3*c + 115 = 2*z, -d*c + 3*c = -2. List the prime factors of z.
59
Let s = 25267 - 12587. What are the prime factors of s?
2, 5, 317
Let k = 93 + -56. Let p be -3*(-4)/6 - k*3. What are the prime factors of (p/2 - -1)*(-30 + 28)?
107
Let p(i) = -1027*i + 2415. List the prime factors of p(-18).
3, 6967
Let k(p) = -135*p + 1. Let g = 195 + -198. What are the prime factors of k(g)?
2, 7, 29
Let g(b) = -6*b - 5. Let u be g(-3). Let p = -20 + u. What are the prime factors of p*(3 - 90/14)?
2, 3
Suppose 362*u - 77940 = 342*u. What are the prime factors of u?
3, 433
Suppose -4*g + 18 = 2*z, -16 = 3*z - 4*g + 7. Let b(d) = 3*d**3. Let s be b(z). What are the prime factors of (-3)/(s/75*1)?
3, 5
Let p = 33 - 34. Let d be p + (34/7 - 3/(-21)). What are the prime factors of (-6)/(-2) + (42 - d)?
41
Let r(h) = 1749*h**2 - 4328*h + 9. List the prime factors of r(5).
2, 11047
Let s = -1769 + 2751. What are the prime factors of s?
2, 491
Suppose 0 = 11*f - 2534 + 620. Suppose -6*g + 90 = -f. List the prime factors of g.
2, 11
Let f(h) = 49*h**2 + 22*h - 9. Let x be f(-2). Let r be 3/9 + 98/3. Let o = x - r. What are the prime factors of o?
2, 5, 11
Let x = -670 - -1034. Let t = 597 - x. List the prime factors of t.
233
Suppose -5*h + 3*g = -17394 - 14284, 3*g = 12. List the prime factors of h.
2, 3169
Suppose -c - 97626 = -5*z, 36*c - 40*c = -3*z + 58562. What are the prime factors of z?
2, 13, 751
Let k(j) = 3*j**2 - 29*j - 3. Let o be k(10). Suppose -o*t - 2288 = -9*t. What are the prime factors of t?
2, 11, 13
Let x(u) = u**2 - u. Suppose -2*r + 4*i = 2*r + 16, -3*i = r - 16. Let v(y) = -2*y**2 - 3*y + 28. Let o(p) = r*v(p) + x(p). List the prime factors of o(0).
2, 7
Let t = -280 - -282. What are the prime factors of 1/(3/2*t/1086)?
2, 181
Let d(y) = -y**3 + y**2 + y - 3. Let p(j) = -4*j**3 + 69*j**2 - 49*j + 30. Let c(o) = -2*d(o) + p(o). What are the prime factors of c(32)?
2, 3, 41
Suppose 2*r - 4*w = 39570, 224*w + 19815 = r + 227*w. What are the prime factors of r?
3, 6599
Let n = -30019 + 66672. List the prime factors of n.
36653
Suppose -51*j + 371331 = -0*j. List the prime factors of j.
3, 809
Let r = 3871 + -1934. Suppose 3*m = 4*k - r, -3*k + 6*k - 1437 = -3*m. List the prime factors of k.
2, 241
Let n = 77 + -74. Let p(x) = 3 - 4*x - 8*x + 2*x - n*x. List the prime factors of p(-10).
7, 19
Suppose -2*s - 1086 = -6*s - d, 4*d = -s + 264. Suppose -266*b = -s*b + 7422. What are the prime factors of b?
1237
Let p = -42 + 46. Suppose 6 = -3*z, 4*l = p*z + 6 - 38. What are the prime factors of (2/(16/(-170)))/(l/40)?
5, 17
Suppose 0 = -20*n + 24*n. Suppose n = -144*j + 140*j + 1660. What are the prime factors of j?
5, 83
Let a(b) be the second derivative of 6*b**3 + 3*b**2/2 + 12*b. Let p be a(7). Let i = p + -113. List the prime factors of i.
2, 71
Let b = -2985 + 4305. Suppose 4*r = 14*r - b. Let v = -41 + r. What are the prime factors of v?
7, 13
Suppose -133*i + 1743240 = 265*i. What are the prime factors of i?
2, 3, 5, 73
Let c be ((11 - 3) + -4)/4. Let x be c + -1 + -4 + 11. Let p = 20 - x. List the prime factors of p.
13
Let d = 1938 + 1787. What are the prime factors of d?
5, 149
Let u(v) = -v**3 - 7*v**2 + 12*v - 10. Let x be u(-9). Let j = 182 - 109. Suppose -t = -j - x. List the prime factors of t.
3, 13
Let v be (7 - (2 - -1)) + -5. List the prime factors of (-1199)/v*(11 - 10).
11, 109
Let z = 1247 - -5715. What are the prime factors of z?
2, 59
What are the prime factors of (24/(-36)*1)/(5/(-78270))?
2, 2609
Let k = 19 + 184. Let z = 285 + k. List the prime factors of z.
2, 61
Let z = 87648 - 45520. List the prime factors of z.
2, 2633
Let z(g) = g - 1. Let x(y) = 14*y - 68. Let j(c) = -27*c + 135. Let b(w) = 3*j(w) + 7*x(w). Let l(d) = b(d) - 4*z(d). What are the prime factors of l(8)?
37
Let b(l) = -l**3 - 19*l**2 - 64*l + 14. Let x be b(-26). What are the prime factors of (120/16)/(-5) - x/(-4)?
1601
Let n(f) = f**2 + 101*f + 38001. What are the prime factors of n(0)?
3, 53, 239
Suppose 3731 - 1015 = d - 2*y, -19051 = -7*d + y. What are the prime factors of d?
2, 1361
What are the prime factors of ((-223975)/17)/(-5) + 16?
11, 241
Let f(d) = -133*d**2 - 3*d + 4. Let i be f(1). Let l = i - -476. What are the prime factors of l?
2, 43
Let g = -440 + 729. What are the prime factors of (-1 + g)*(-20)/(-30)?
2, 3
Let q(j) = -j**2 + 24*j - 76. Let r be q(4). Suppose 4*s - 6196 = 2*b, 0*s = r*s + b - 6202. List the prime factors of s.
2, 5, 31
Suppose c = -3*c - 3*v + 24957, 3 = -3*v. Suppose -s - 4811 = -3*j - 1087, 0 = -5*j - 5*s + c. What are the prime factors of j?
11, 113
Let s(r) = -2655*r + 1590. List the prime factors of s(-28).
2, 3, 5, 2531
Suppose 1989 = 2*u - 891. Let g = u - 908. List the prime factors of g.
2, 7, 19
Let g(n) = 41*n - 36. Let r = 74 - 65. What are the prime factors of g(r)?
3, 37
Let x be 2 - (7 - 4) - (0 + -4). Let w be 1/((x/(-18))/((-5)/6)). Suppose 3*j + w*j - 864 = 0. What are the prime factors of j?
2, 3
Let o(c) = -3*c + 109. Let a be o(-16). Suppose 0 = -r - 3*s + 170 - 8, -r + 2*s = -a. What are the prime factors of r?
3, 53
Suppose -3*n - 3*l = 0, -4*l - 4 = -n - 3*l. Let d(w) = -22 - n*w - 3*w + 26. List the prime factors of d(-6).
2, 17
List the prime factors of (-9129824)/(-666) + (4/(-9))/1.
2, 23, 149
Suppose 77*w = 72*w + 31395. Suppose -6*n + w = 15*n. List the prime factors of n.
13, 23
Let k be (-120)/(-48) - 1*(-1)/(-2). Let i be 2/(-4)*(k - (-24)/(-3)). Suppose -i*c + 730 = 2*c. What are the prime factors of c?
2, 73
Let w(i) = 5*i + 1180. List the prime factors of w(29).
5, 53
Let f = 4691 + -4029. What are the prime factors of f?
2, 331
Suppose 6*z + 1602 = -l + 16235, 0 = 5*l - 3*z - 73297. List the prime factors of l.
14657
Suppose 3*d = -4*i - 121940, 5*i - 8*d = -13*d - 152420. List the prime factors of 1 - (-21)/(-15) - i/20.
2, 3, 127
Let z(u) = -u**2 - 8*u + 50. Let f be z(29). Let x = 2558 + f. List the prime factors of x.
5, 307
What are the prime factors of (-3 - 1) + 6291/(-36)*(-64)/24?
2, 3, 7, 11
Suppose -n + 54 = -372. Let b = -276 + n. Let l = 369 - b. What are the prime factors of l?
3, 73
Suppose -5*b + 0*b = -25. Suppose -821 - 103 = -2*r. Suppose 0 = b*c - 133 - r. List the prime factors of c.
7, 17
What are the prime factors of 10*2*(107 + (-8 - 2))?
2, 5, 97
Suppose c + 2*u + 32 = 0, 172 = -c - 3*c + 3*u